{"id":106,"date":"2023-04-12T22:45:41","date_gmt":"2023-04-12T20:45:41","guid":{"rendered":"http:\/\/chateaudelacelleguenand.com\/?page_id=106"},"modified":"2023-04-16T13:09:08","modified_gmt":"2023-04-16T11:09:08","slug":"politique-generale","status":"publish","type":"page","link":"https:\/\/chateaudelacelleguenand.com\/index.php\/politique-generale\/","title":{"rendered":"Politique g\u00e9n\u00e9rale"},"content":{"rendered":"\n<h2 class=\"wp-block-heading\">Politique d&rsquo;annulation<\/h2>\n\n\n\n<p>Nous sommes une petite entreprise familiale et nous comptons sur nos r\u00e9servations. Les annulations doivent \u00eatre re\u00e7ues au moins 7 jours avant la date d&rsquo;arriv\u00e9e, sinon nous ne pourrons pas rembourser votre d\u00e9p\u00f4t.<\/p>\n\n\n\n<p>Les h\u00e9bergements annul\u00e9s 2 jours ou moins avant la date d&rsquo;arriv\u00e9e seront factur\u00e9s du montant total de l&rsquo;h\u00e9bergement si la chambre ne peut pas \u00eatre relou\u00e9e.<\/p>\n\n\n\n<p>Des frais d&rsquo;administration de 25,00 EUR peuvent \u00eatre appliqu\u00e9s pour certaines modifications et annulations.<\/p>\n\n\n\n<p>En cas de d\u00e9part anticip\u00e9, le paiement int\u00e9gral sera toujours requis.<\/p>\n\n\n\n<p>Les r\u00e9servations effectu\u00e9es par le biais de prestataires tiers sont soumises \u00e0 la politique d&rsquo;annulation indiqu\u00e9e par ce service.<\/p>\n\n\n\n<p>Veuillez vous assurer d&rsquo;avoir une couverture d&rsquo;assurance voyage ad\u00e9quate en cas d&rsquo;annulation.<\/p>\n\n\n\n<h2 class=\"wp-block-heading\">Enregistrement (Check-in)<\/h2>\n\n\n\n<p>L&rsquo;heure d&rsquo;enregistrement commence \u00e0 16h.\u200b\u200b<\/p>\n\n\n\n<p>L&rsquo;heure d&rsquo;enregistrement se termine \u00e0 19h &#8211; car les pr\u00e9paratifs du d\u00eener sont g\u00e9n\u00e9ralement en cours \u00e0 cette heure.<\/p>\n\n\n\n<p>L&rsquo;\u00e2ge minimum requis pour l&rsquo;enregistrement est de 18 ans.\u200b<\/p>\n\n\n\n<p>Une pi\u00e8ce d&rsquo;identit\u00e9 avec photo d\u00e9livr\u00e9e par le gouvernement ainsi qu&rsquo;une carte de cr\u00e9dit sont n\u00e9cessaires lors de l&rsquo;enregistrement pour garantir votre r\u00e9servation.<\/p>\n\n\n\n<h3 class=\"wp-block-heading\">Instructions sp\u00e9ciales pour l&rsquo;enregistrement<\/h3>\n\n\n\n<p>Si vous pr\u00e9voyez d&rsquo;arriver apr\u00e8s 19h, veuillez nous contacter \u00e0 l&rsquo;avance par t\u00e9l\u00e9phone au : +33 2 47 94 93 61.<\/p>\n\n\n\n<h2 class=\"wp-block-heading\">D\u00e9part (Check-out)<\/h2>\n\n\n\n<p>L&rsquo;heure de d\u00e9part est \u00e0 11h &#8211; afin de nous permettre de nous pr\u00e9parer pour les prochains clients.<\/p>\n\n\n\n<h2 class=\"wp-block-heading\">\u200b Enfants et lits suppl\u00e9mentaires<\/h2>\n\n\n\n<p>Les enfants sont les bienvenus dans les Gites. Nous sommes d\u00e9sol\u00e9s, mais nous n&rsquo;acceptons pas les r\u00e9servations pour les enfants dans les chambres d&rsquo;h\u00f4tes en raison de l&rsquo;environnement historique ici et de la demande de nos clients.<\/p>\n\n\n\n<p>\u200b\u200bLes lits d&rsquo;appoint ne sont pas disponibles.<\/p>\n\n\n\n<p>\u200bLes lits b\u00e9b\u00e9 ne sont pas disponibles.<\/p>\n\n\n\n<h2 class=\"wp-block-heading\">\u200bFrais<\/h2>\n\n\n\n<p>Vous serez invit\u00e9 \u00e0 payer la taxe de s\u00e9jour locale si elle n&rsquo;est pas d\u00e9j\u00e0 incluse dans les frais de r\u00e9servation :<\/p>\n\n\n\n<p>\u200bTaxe de s\u00e9jour de la ville\/locale : 1,60 EUR par adulte et par nuit.<\/p>\n\n\n\n<h2 class=\"wp-block-heading\">Internet<\/h2>\n\n\n\n<p>Le WiFi est disponible gratuitement dans toutes les chambres.\u200b<\/p>\n\n\n\n<p>Le WiFi gratuit est \u00e9galement disponible dans certaines parties communes.<\/p>\n\n\n\n<h2 class=\"wp-block-heading\">Parking<\/h2>\n\n\n\n<p>Un parking gratuit est disponible sous la responsabilit\u00e9 des propri\u00e9taires.<\/p>\n\n\n\n<h2 class=\"wp-block-heading\">Types de paiement<\/h2>\n\n\n\n<p>Nous acceptons les cartes Mastercard ou Visa comme moyen de paiement.<\/p>\n\n\n\n<h2 class=\"wp-block-heading\">Animaux de compagnie<\/h2>\n\n\n\n<p>Les petits animaux de compagnie sont autoris\u00e9s moyennant un suppl\u00e9ment de 7,00 EUR par animal et par nuit.<\/p>\n\n\n\n<p>Des restrictions peuvent s&rsquo;appliquer. Veuillez nous contacter par t\u00e9l\u00e9phone au +33 2 47 94 93 61 pour plus d&rsquo;informations.<\/p>\n\n\n\n<h2 class=\"wp-block-heading\">Confidentialit\u00e9<\/h2>\n\n\n\n<p>Consultez notre Politique de confidentialit\u00e9.<\/p>\n\n\n\n<h2 class=\"wp-block-heading\">Fumer<\/h2>\n\n\n\n<p>Il est interdit de fumer dans nos h\u00e9bergements. Les clients souhaitant fumer peuvent le faire \u00e0 l&rsquo;ext\u00e9rieur.<\/p>\n\n\n\n<h2 class=\"wp-block-heading\">Service de blanchisserie<\/h2>\n\n\n\n<p>Service de blanchisserie en libre-service gratuit pour les clients du G\u00eete.<\/p>\n\n\n\n<h2 class=\"wp-block-heading\">Nous devons mentionner<\/h2>\n\n\n\n<p>Ce ch\u00e2teau a \u00e9t\u00e9 construit vers 1422. Bien que les \u00e9quipements aient \u00e9t\u00e9 mis \u00e0 jour depuis cette \u00e9poque, la propri\u00e9t\u00e9 est rest\u00e9e remarquablement intacte. L&rsquo;acc\u00e8s est restreint. Il n&rsquo;y a pas d&rsquo;ascenseur. Toutes les chambres sont accessibles par des escaliers. Il n&rsquo;y a pas de climatisation ; des ventilateurs sont fournis.<\/p>\n\n\n\n<h2 class=\"wp-block-heading\">Vous devez savoir<\/h2>\n\n\n\n<p>Des frais suppl\u00e9mentaires peuvent s&rsquo;appliquer pour les personnes suppl\u00e9mentaires et varier en fonction du g\u00eete r\u00e9serv\u00e9.<\/p>\n\n\n\n<p>Les demandes sp\u00e9ciales sont soumises \u00e0 disponibilit\u00e9 lors de l&rsquo;enregistrement et peuvent entra\u00eener des frais suppl\u00e9mentaires.<\/p>\n\n\n\n<p>Les demandes sp\u00e9ciales ne peuvent pas \u00eatre garanties.<\/p>\n\n\n\n<p>Les clients sont responsables de traiter tout le monde sur la propri\u00e9t\u00e9 avec respect, de faire preuve de soin et de courtoisie raisonnable dans et autour de la propri\u00e9t\u00e9, ainsi que de suivre les r\u00e8gles de conduite et de s\u00e9curit\u00e9 de l&rsquo;h\u00f4te.<\/p>\n","protected":false},"excerpt":{"rendered":"<p>Politique d&rsquo;annulation Nous sommes une petite entreprise familiale et nous comptons sur nos r\u00e9servations. Les annulations doivent \u00eatre re\u00e7ues au moins 7 jours avant la date d&rsquo;arriv\u00e9e, sinon nous ne pourrons pas rembourser votre d\u00e9p\u00f4t. Les h\u00e9bergements annul\u00e9s 2 jours ou moins avant la date d&rsquo;arriv\u00e9e seront factur\u00e9s du montant total de l&rsquo;h\u00e9bergement si la &hellip; <\/p>\n<p class=\"link-more\"><a href=\"https:\/\/chateaudelacelleguenand.com\/index.php\/politique-generale\/\" class=\"more-link\">Lire la suite de<span class=\"screen-reader-text\">\u00ab\u00a0Politique g\u00e9n\u00e9rale\u00a0\u00bb<\/span><\/a><\/p>\n","protected":false},"author":1,"featured_media":0,"parent":0,"menu_order":0,"comment_status":"closed","ping_status":"closed","template":"","meta":{"_eb_attr":"","footnotes":""},"class_list":["post-106","page","type-page","status-publish","hentry"],"_links":{"self":[{"href":"https:\/\/chateaudelacelleguenand.com\/index.php\/wp-json\/wp\/v2\/pages\/106"}],"collection":[{"href":"https:\/\/chateaudelacelleguenand.com\/index.php\/wp-json\/wp\/v2\/pages"}],"about":[{"href":"https:\/\/chateaudelacelleguenand.com\/index.php\/wp-json\/wp\/v2\/types\/page"}],"author":[{"embeddable":true,"href":"https:\/\/chateaudelacelleguenand.com\/index.php\/wp-json\/wp\/v2\/users\/1"}],"replies":[{"embeddable":true,"href":"https:\/\/chateaudelacelleguenand.com\/index.php\/wp-json\/wp\/v2\/comments?post=106"}],"version-history":[{"count":1,"href":"https:\/\/chateaudelacelleguenand.com\/index.php\/wp-json\/wp\/v2\/pages\/106\/revisions"}],"predecessor-version":[{"id":107,"href":"https:\/\/chateaudelacelleguenand.com\/index.php\/wp-json\/wp\/v2\/pages\/106\/revisions\/107"}],"wp:attachment":[{"href":"https:\/\/chateaudelacelleguenand.com\/index.php\/wp-json\/wp\/v2\/media?parent=106"}],"curies":[{"name":"wp","href":"https:\/\/api.w.org\/{rel}","templated":true}]}}

Politique générale

<h2 class="wp-block-heading">Politique d&rsquo;annulation</h2>



<p>Nous sommes une petite entreprise familiale et nous comptons sur nos réservations. Les annulations doivent être reçues au moins 7 jours avant la date d&rsquo;arrivée, sinon nous ne pourrons pas rembourser votre dépôt.</p>



<p>Les hébergements annulés 2 jours ou moins avant la date d&rsquo;arrivée seront facturés du montant total de l&rsquo;hébergement si la chambre ne peut pas être relouée.</p>



<p>Des frais d&rsquo;administration de 25,00 EUR peuvent être appliqués pour certaines modifications et annulations.</p>



<p>En cas de départ anticipé, le paiement intégral sera toujours requis.</p>



<p>Les réservations effectuées par le biais de prestataires tiers sont soumises à la politique d&rsquo;annulation indiquée par ce service.</p>



<p>Veuillez vous assurer d&rsquo;avoir une couverture d&rsquo;assurance voyage adéquate en cas d&rsquo;annulation.</p>



<h2 class="wp-block-heading">Enregistrement (Check-in)</h2>



<p>L&rsquo;heure d&rsquo;enregistrement commence à 16h.​​</p>



<p>L&rsquo;heure d&rsquo;enregistrement se termine à 19h &#8211; car les préparatifs du dîner sont généralement en cours à cette heure.</p>



<p>L&rsquo;âge minimum requis pour l&rsquo;enregistrement est de 18 ans.​</p>



<p>Une pièce d&rsquo;identité avec photo délivrée par le gouvernement ainsi qu&rsquo;une carte de crédit sont nécessaires lors de l&rsquo;enregistrement pour garantir votre réservation.</p>



<h3 class="wp-block-heading">Instructions spéciales pour l&rsquo;enregistrement</h3>



<p>Si vous prévoyez d&rsquo;arriver après 19h, veuillez nous contacter à l&rsquo;avance par téléphone au : +33 2 47 94 93 61.</p>



<h2 class="wp-block-heading">Départ (Check-out)</h2>



<p>L&rsquo;heure de départ est à 11h &#8211; afin de nous permettre de nous préparer pour les prochains clients.</p>



<h2 class="wp-block-heading">​ Enfants et lits supplémentaires</h2>



<p>Les enfants sont les bienvenus dans les Gites. Nous sommes désolés, mais nous n&rsquo;acceptons pas les réservations pour les enfants dans les chambres d&rsquo;hôtes en raison de l&rsquo;environnement historique ici et de la demande de nos clients.</p>



<p>​​Les lits d&rsquo;appoint ne sont pas disponibles.</p>



<p>​Les lits bébé ne sont pas disponibles.</p>



<h2 class="wp-block-heading">​Frais</h2>



<p>Vous serez invité à payer la taxe de séjour locale si elle n&rsquo;est pas déjà incluse dans les frais de réservation :</p>



<p>​Taxe de séjour de la ville/locale : 1,60 EUR par adulte et par nuit.</p>



<h2 class="wp-block-heading">Internet</h2>



<p>Le WiFi est disponible gratuitement dans toutes les chambres.​</p>



<p>Le WiFi gratuit est également disponible dans certaines parties communes.</p>



<h2 class="wp-block-heading">Parking</h2>



<p>Un parking gratuit est disponible sous la responsabilité des propriétaires.</p>



<h2 class="wp-block-heading">Types de paiement</h2>



<p>Nous acceptons les cartes Mastercard ou Visa comme moyen de paiement.</p>



<h2 class="wp-block-heading">Animaux de compagnie</h2>



<p>Les petits animaux de compagnie sont autorisés moyennant un supplément de 7,00 EUR par animal et par nuit.</p>



<p>Des restrictions peuvent s&rsquo;appliquer. Veuillez nous contacter par téléphone au +33 2 47 94 93 61 pour plus d&rsquo;informations.</p>



<h2 class="wp-block-heading">Confidentialité</h2>



<p>Consultez notre Politique de confidentialité.</p>



<h2 class="wp-block-heading">Fumer</h2>



<p>Il est interdit de fumer dans nos hébergements. Les clients souhaitant fumer peuvent le faire à l&rsquo;extérieur.</p>



<h2 class="wp-block-heading">Service de blanchisserie</h2>



<p>Service de blanchisserie en libre-service gratuit pour les clients du Gîte.</p>



<h2 class="wp-block-heading">Nous devons mentionner</h2>



<p>Ce château a été construit vers 1422. Bien que les équipements aient été mis à jour depuis cette époque, la propriété est restée remarquablement intacte. L&rsquo;accès est restreint. Il n&rsquo;y a pas d&rsquo;ascenseur. Toutes les chambres sont accessibles par des escaliers. Il n&rsquo;y a pas de climatisation ; des ventilateurs sont fournis.</p>



<h2 class="wp-block-heading">Vous devez savoir</h2>



<p>Des frais supplémentaires peuvent s&rsquo;appliquer pour les personnes supplémentaires et varier en fonction du gîte réservé.</p>



<p>Les demandes spéciales sont soumises à disponibilité lors de l&rsquo;enregistrement et peuvent entraîner des frais supplémentaires.</p>



<p>Les demandes spéciales ne peuvent pas être garanties.</p>



<p>Les clients sont responsables de traiter tout le monde sur la propriété avec respect, de faire preuve de soin et de courtoisie raisonnable dans et autour de la propriété, ainsi que de suivre les règles de conduite et de sécurité de l&rsquo;hôte.</p>

<p>Politique d&rsquo;annulation Nous sommes une petite entreprise familiale et nous comptons sur nos réservations. Les annulations doivent être reçues au moins 7 jours avant la date d&rsquo;arrivée, sinon nous ne pourrons pas rembourser votre dépôt. Les hébergements annulés 2 jours ou moins avant la date d&rsquo;arrivée seront facturés du montant total de l&rsquo;hébergement si la &hellip; </p>
<p class="link-more"><a href="https://chateaudelacelleguenand.com/index.php/politique-generale/" class="more-link">Lire la suite de<span class="screen-reader-text">« Politique générale »</span></a></p>
